se 2*d - 4*b = -10, -d = -3*d + 5*b - 13. Let m(z) be the first derivative of 5/2*z**4 - z - 55 + 1/3*z**3 + 1/2*z**2. Determine m(d).
11
Let i(n) = -3*n**2 - 22. Let b be (-12)/(293 - 5) - (-6)/144. Calculate i(b).
-22
Let b(o) be the third derivative of -o**4/8 + o**3/2 - o**2. Let x = -110 - 28. Let u = -141 - x. Calculate b(u).
12
Let z be 3/(-5) - (134/(-10))/(-1). Let d be z/(-4) - (-3)/(-2). Let k(l) = -2*l**2 + 2*l - 2. Let s be k(d). Let n(y) = y + 12. Give n(s).
6
Let d(j) = 12*j**2 - 18*j - 2. Let p(u) = -18*u**2 + 28*u + 3. Let z(q) = -11*d(q) - 7*p(q). Give z(-1).
-7
Suppose 20*q + 105 = 5. Let z(i) = -2*i**2 + 14. Give z(q).
-36
Let r(l) = -l**3 - 2*l**2 - l - 10. Let g be r(-3). Let c be 1 - 2*(-1)/g. Let m(p) = -5*p - 2 - c + 2*p + 2*p. Determine m(-5).
1
Let w(j) = j**2 + 2*j - 8. Suppose 12 = -285*q + 287*q. Suppose q*a = -9 + 63. Suppose -18 = -6*k + a*k. What is w(k)?
16
Let g(t) = 39 + 55 + 2*t - 119 + 32. Let o be (-198)/30 - (2 + (-24)/15). Determine g(o).
-7
Let t(r) be the second derivative of r**5/20 + 2*r**4/3 - r**3/3 - 9*r**2/2 - 167*r - 2. Give t(-9).
-72
Let c(u) = -20*u + 25. Let y be c(7). Let l = 109 + y. Let f(q) = -4*q**3 + 7*q**2 + 11*q - 5. Let r(v) = -v**3 + v. Let m(t) = -f(t) + 5*r(t). Calculate m(l).
5
Let y = 5285 + -5281. Let i(w) = -w**2 + 4*w - 1. Let r be i(3). Let m(p) = 0*p**2 + 5 + y - r*p**2 - 7. Determine m(-2).
-6
Let l(q) be the third derivative of -11*q**4/24 - q**3 + 210*q**2 + q. Calculate l(-2).
16
Let z(b) = -b**3 - 11*b**2 - 9*b - 5. Let i be 32*3/6*(-15)/(-60). Suppose -5*t = -i*t + 10. Give z(t).
-15
Suppose 11*a - 10*a = 7. Suppose i - a*i = 42. Let w(n) = -13*n**2 - 119 + n**3 - 11*n + 2*n + 110 + 19*n**2. What is w(i)?
5
Let y = 33187 - 33180. Let x(a) = a**2 - 6*a + 2. Determine x(y).
9
Let u(d) = 0*d + 783 + 11*d - 795. What is u(4)?
32
Let j(z) = -655*z + 86. Let n(c) = 353*c - 47. Let s(a) = 7*j(a) + 13*n(a). Let r(f) = f**2 + 5*f. Let p be r(-6). Determine s(p).
15
Let p(z) = 2*z**3 - 17*z**2 - 11*z + 18. Suppose 6*d + 5*f - 54 = 0, d + 614*f - 617*f - 9 = 0. What is p(d)?
0
Let m(h) = -h**3 + 2*h**2 - 2*h + 4. Suppose c = -7*c + 680. Suppose 4*j - u = -j + 425, j + 4*u = c. Let b be (-2 - j/(-35))*7. What is m(b)?
-11
Let v(d) = -16*d - 2. Let k = 165 + -163. Let x be (-5 + k)/3 - 1. Calculate v(x).
30
Let a(z) = z**2 - 14*z + 23. Let n be a(13). Let l be (n/8)/(1/4). Let p(r) = -r**3 - l*r + 4 + 4*r + 2*r - 6*r**2. Calculate p(-6).
-2
Let s(h) = -h**2 + 31*h + 6. Let d(l) = -6*l - 1. Let q(c) = -6*d(c) - s(c). Give q(2).
14
Let t(m) = 4*m**3 + 9*m**2 - 7*m + 18. Let z(h) = h**3 - 2*h**2 - 3*h - 1. Let d(v) = t(v) - 3*z(v). Calculate d(-15).
-9
Let a(z) = 7*z + 48. Let h be (-165*16/(-600))/((-2)/5). Determine a(h).
-29
Let v(c) = -1 - 28*c - 1 + 5*c**2 - 2 + 0*c + 45*c. Give v(-4).
8
Let l(k) = 13*k + 230. Let s be (-176)/10 + ((-234)/10 - -23). Calculate l(s).
-4
Let r = 12 + -22. Let q = -10 - r. Let o(f) = 150*f - 77*f - 72*f - 3. Determine o(q).
-3
Suppose -7*m + 12 = -3*m - 3*p, 0 = 5*m - 3*p - 15. Let u be 3/(-2)*2/(2 - m). Let s(r) = 2*r**2 - r - 3. Calculate s(u).
12
Let o(t) = -t. Suppose -2*a = 5*z + 1392, 0 = -4*z + 6*a - 5*a - 1124. Let g = z - -275. Determine o(g).
5
Let s(p) = 4*p**2 + 16523*p + 2 + 8*p**2 - 16519*p. Calculate s(-2).
42
Let z(m) = 6*m**2 - m - 2. Suppose 13*h - 27*h - 28 = 0. Give z(h).
24
Let r(g) be the third derivative of g**5/60 - g**4/3 + 19*g**3/6 - 4*g**2. Suppose 0 = -458*n + 509*n - 306. What is r(n)?
7
Let b(r) = 34*r**2 - 8*r + 14. Let h be b(2). Let n = 135 - h. Let d(k) = -10*k**2 - 1. Determine d(n).
-11
Let i = 115 + -100. Suppose -i*v + 18*v + 6 = 0. Let a(u) = 18*u + 1. Determine a(v).
-35
Let g(m) = m**3 + 2*m**2 + 15*m + 7. Suppose -6 = 2*l, -2*a + 8*l - 12 = 12*l. Calculate g(a).
7
Let x(o) = -o**2 + 4*o + 1. Let b = -78 + 331. Let y = -249 + b. What is x(y)?
1
Let q be ((-42)/(-252))/(3/(-54)). Let r(j) = -3*j**3 - 5*j**2 + j + 18. Calculate r(q).
51
Suppose -v + 8*v + 21 = 0. Let z(p) = -p**3 - 6*p**2 - 10*p - 8. Let i be z(v). Let l(f) = 2*f + 11. What is l(i)?
1
Let w = 3060 + -3053. Let g(r) = r**2 - 5*r - 12. Give g(w).
2
Let r(k) = 2*k - 6. Let d(h) = -4*h + 11. Let u(v) = 3*d(v) + 5*r(v). Suppose 33 = 195*s - 206*s. Let y be ((-5)/s)/(30/36). Determine u(y).
-1
Let o(y) = -y**3 - 5*y**2 + 5*y - 2. Let x = -282 - -289. Let b(h) = 4*h**3 - 29*h**2 + 5*h + 8. Let s be b(x). What is o(s)?
4
Let r = -124 - -134. Suppose r*y = -10 - 10. Let b(z) = -z - 2 + 5*z + 0. Calculate b(y).
-10
Let u(q) = 2786 + 0*q**2 - 3*q**2 + 28*q - 2843. What is u(3)?
0
Let l = -8872 + 8869. Let g(b) = -b**3 + 3*b**2 + 7*b. Calculate g(l).
33
Let k(l) = -18*l + 8. Let u = -7159 - -7159. Determine k(u).
8
Let q(z) = -z**3 - 14*z**2 + 5*z + 5. Let o(t) = -87*t - 10106. Let s be o(-116). Calculate q(s).
-65
Let t be (153/(-17))/(-27) + (-4)/3. Let q(x) = -10*x**3 - 4*x**2 - 15*x - 12. Determine q(t).
9
Let j(r) = r**2 + 7*r + 3. Let c be ((-21)/(-6))/(3/30). Let p be 15/(11 - (-96)/(-12)). Suppose c = -p*v - 0*v. Determine j(v).
3
Let j(l) = -l**3 - 17*l**2 + 2*l + 22. Suppose 12 = 3*r, -4*f - 53 = 2*r + 7. Calculate j(f).
-12
Let c(p) = p**2 - 94*p - 2013. Let h be c(112). Let f(b) = 0*b - b + 4 - 1. Give f(h).
0
Let l(v) be the first derivative of v**2/2 + 7*v + 1. Let k be 18/5*(-355)/(-213). Calculate l(k).
13
Let t = -7778 - -7782. Let j(q) = -q**3 + 3*q**2 - q + 4. Determine j(t).
-16
Suppose o - 15 = -3*b, o - 12 = -15*b + 13*b. Suppose o*u + 107 = 89. Let z(l) = -5*l - 2. Give z(u).
13
Suppose 5*p - 3*p = -4*p. Suppose p*z = -3*z. Suppose -d = 5*c - 4 - 16, z = d. Let y(w) = w**2 - 2*w - 5. Determine y(c).
3
Let j(o) = -6*o**2 + 2*o. Let n(k) = -40 + 71 - 5*k - 11*k + k. Let h be n(2). What is j(h)?
-4
Let d(h) = h**3 - 17 + 58 + 15*h**2 - 19 - 21. Calculate d(-15).
1
Let i(b) = b**2 - 19*b - 28. Let l(m) = -153*m + 2929. Let y be l(19). Determine i(y).
38
Let n(t) = 41 + t + 7*t**2 + 5*t + 32*t**2 - 41*t**2 + t. Determine n(-4).
-19
Let t = -6 + 9. Let u(q) = -2*q + q**3 - 2*q**2 + 1 + t*q + q**2. Suppose -4*o - 2*s = o - 18, 4*o + 12 = 5*s. Determine u(o).
7
Let t(z) be the first derivative of z**4/4 + 2*z**3 - z**2/2 - 15*z - 600. Give t(-3).
15
Suppose -4*d - 2*b + 13 = -d, 0 = -3*d + 3*b - 12. Let u(q) = 9*q + 5 - d - 11*q + 5. Give u(10).
-11
Suppose -5*k + 19 - 59 = 0. Let h(j) be the third derivative of -j**6/120 - 2*j**5/15 + j**4/8 + j**3/2 + 798*j**2. Give h(k).
-21
Let l(u) = -u**3 - u**2 + 3*u + 2. Let b be l(-3). Let q(g) = -b - 9 + 0*g - 3*g - 2*g. Let z be q(-4). Let k(d) = d**3 + d**2 - d + 1. Determine k(z).
1
Let m(c) = c**2 + 24*c + 2. Let d(p) = -5*p. Let g(i) = 6*d(i) + m(i). Determine g(-3).
29
Let h(x) = -12*x**2 + 2*x + 1. Let z be h(-1). Let a(n) be the second derivative of -n**5/20 - 7*n**4/6 - 7*n**3/3 - 17*n**2/2 + 254425*n. Determine a(z).
-4
Let t(n) = 35*n**2 + 2*n - 107. Let k(a) = 35*a**2 + 2*a - 95. Let y(f) = 9*k(f) - 8*t(f). Let r = 0 + -1. Calculate y(r).
34
Let a(i) = -4*i - 164. Let m be a(-41). Let l(h) = -6 + h + 7 + m + 6. Give l(3).
10
Let h = -294 - -296. Let i(k) = -7*k**2 + 17*k + 4. Let p(o) = 2*o**2 - 4*o - 1. Let d be 202/22 + (-2)/11. Let n(s) = d*p(s) + h*i(s). What is n(-1)?
5
Let d(v) = -257*v - 1. Let f(y) = 204*y + 1. Let m(u) = 4*d(u) + 5*f(u). Calculate m(3).
-23
Let r(u) = 0*u - 37*u**2 + 3*u - 3 + 9*u + 72*u**2 - 38*u**2. Determine r(3).
6
Let f(o) = o**2 + 53*o + 451. Let l = 37964 + -37975. What is f(l)?
-11
Let h = 1675 + -1668. Let p(v) = v**3 - 6*v**2 - 22*v + 100. Determine p(h).
-5
Let m(i) = i**2 - 5*i - 40. Let z be m(8). Let s(a) = a**2 + 18*a + 28. Calculate s(z).
-4
Let v(z) = -z**3 + 174*z - 9*z**2 - 89*z - 2 - 92*z + 4. What is v(-9)?
65
Let d(k) = k**3 + 9*k**2 - 11*k + 4. Suppose -5*t = -4*x - 26, -20 = 2*x + 6*t - 5*t. Calculate d(x).
103
Let t(f) = -f**2 - 29*f - 74. Let a be t(-26). Suppose -3*q = a*u + 11, -4*q - 1 = -u + 20. Let j(c) = c**2 + 4*c. Calculate j(q).
5
Let t(c) be the first derivative of -c**5/60 - 7*c**4/24 + 5*c**3/6 + c**2/2 - 9*c + 98. Let s(z) be the second derivative of t(z). Determine s(-8).
-3
Let o = -10290 + 10270. Let a(f) = 3*f + 12. Determine a(o).
-48
Let y(r) = -2*r**2 - 9*r - 8. Let n(v) be the first derivative of -7*v**2/2 